2 + 35*k + 1468. What is w(30)?
-182
Let b(w) = -40*w - 4546. Determine b(-97).
-666
Let h(k) = -2*k**2 - 2308*k - 356941. Give h(-184).
19
Let j(p) = -2235*p + 386922. Calculate j(173).
267
Let w(n) = -126810*n - 6340499. Calculate w(-50).
1
Let o(s) = -s**2 - 141058*s + 1128501. What is o(8)?
-27
Let g(f) = -f**3 - 61*f**2 + 4108*f + 26616. Calculate g(-6).
-12
Let k(i) = -9*i**2 + 2122*i - 14408. Calculate k(7).
5
Let c(w) = -w**3 - 25*w**2 - 259*w - 4317. Give c(-22).
-71
Let r(i) = -693*i - 141293. What is r(-204)?
79
Let u(i) = -5*i**2 - 746*i - 16979. Determine u(-28).
-11
Let b(u) = u**2 + 263*u - 674087. Give b(-963).
13
Let u(h) = h**3 - 14*h**2 - 13798*h + 233705. Calculate u(17).
6
Let p(z) = -2335*z - 291880. What is p(-125)?
-5
Let g(l) = -l**3 + 26*l**2 + 1682*l - 31200. What is g(17)?
-5
Let h(g) = -2627*g - 1418. Determine h(-1).
1209
Let h(p) = -576*p - 30253. Determine h(-52).
-301
Let k(s) = -3453*s - 13855. Calculate k(-4).
-43
Let a(v) = 29716*v + 59491. Determine a(-2).
59
Let g(x) = -786460*x + 6291698. What is g(8)?
18
Let k(h) = 23*h**3 - 134*h**2 - 371*h + 2056. Determine k(6).
-26
Let k(g) = -g**2 + 27*g + 6977. Determine k(104).
-1031
Let s(p) = 60458*p + 1450984. Determine s(-24).
-8
Let a(l) = -5*l**3 - 101*l**2 + 22*l + 31. Give a(-20).
-809
Let r(v) = 3934*v - 8062. Determine r(2).
-194
Let n(a) = -a**3 + 33*a**2 + 115*a - 6678. What is n(29)?
21
Let j(p) = -12*p**3 + 804*p**2 + 8*p - 219. What is j(67)?
317
Let y(q) = 100*q**2 - 4147*q + 1970. Give y(41).
43
Let u(t) = 91*t**2 - 2767*t - 176. What is u(31)?
1498
Let y(v) = 2*v**3 + 22*v**2 + 214*v + 17606. Calculate y(-23).
-12
Let v(i) = 2*i**3 + 304*i**2 - 321*i - 2296. What is v(-153)?
-1
Let w(b) = 53*b**2 + 2034*b - 191. What is w(-38)?
-951
Let z(l) = -7*l**2 + 260*l - 2296. Determine z(23).
-19
Let l(k) = 93604*k - 561629. Give l(6).
-5
Let o(z) = 184446*z - 8115638. Determine o(44).
-14
Let n(s) = 283*s - 6412. Calculate n(23).
97
Let r(k) = -k**2 + 8273*k + 41306. Give r(-5).
-84
Let o(j) = -j**3 + 96*j**2 - 1882*j - 79. Give o(28).
537
Let y(j) = 49*j**2 + 2020*j + 438. Determine y(-41).
-13
Let a(o) = -36*o**2 + 4854*o + 832. What is a(135)?
22
Let h(m) = -30*m - 684. Determine h(8).
-924
Let k(f) = -49*f**3 + 54*f**2 + 140*f + 74. Calculate k(-2).
402
Let q(d) = -d**3 - 11*d**2 - 13*d - 518. What is q(-13)?
-11
Let y(g) = -1186*g + 4939. Determine y(4).
195
Let s(k) = k**2 + 106*k - 58. What is s(-10)?
-1018
Let n(u) = 43*u**2 + 976*u + 3213. Give n(-4).
-3
Let m(v) = 2*v**3 + 40*v**2 - 116*v - 2323. Determine m(-20).
-3
Let w(t) = -245*t + 42634. Give w(174).
4
Let v(l) = -1793*l - 5329. Give v(-3).
50
Let j(h) = h**3 - 90*h**2 - 1111*h - 231. Give j(101).
-231
Let d(s) = 5*s**3 + 19*s**2 - 566*s - 32. Determine d(9).
58
Let w(i) = 3*i**2 + 63*i - 1044. Calculate w(-32).
12
Let l(q) = 467*q + 14072. Calculate l(-29).
529
Let t(v) = -38*v**3 - 115*v**2 + 131*v + 387. Calculate t(-3).
-15
Let y(j) = 2*j**3 + 31*j**2 - 3047*j - 48491. Determine y(-16).
5
Let x(u) = -392619*u + 3533566. What is x(9)?
-5
Let q(x) = -16*x**2 + 413*x + 525. Calculate q(27).
12
Let o(j) = -3*j**3 - 51*j**2 - 401*j - 4634. Determine o(-15).
31
Let l(q) = -39*q**3 - 9*q**2 - 82*q + 89. Calculate l(1).
-41
Let f(x) = -47*x**2 - 1778*x + 286. Give f(-38).
-18
Let k(h) = -502*h + 259009. Give k(516).
-23
Let h(o) = o**2 - 229*o + 10585. Determine h(64).
25
Let i(k) = 27*k**2 - 224*k - 2278. Calculate i(-6).
38
Let c(b) = -b**2 - 413*b + 4772. What is c(12)?
-328
Let j(t) = t**3 + 19*t**2 - 166*t - 2392. What is j(-21)?
212
Let j(b) = -14*b**3 - 4*b**2 + 577*b + 1737. What is j(-3)?
348
Let p(z) = 3*z**2 - 569*z + 20304. Calculate p(142).
-2
Let c(h) = 2*h**3 - 4*h**2 - 45*h - 185. What is c(7)?
-10
Let r(q) = 171*q**2 - 1551*q + 156. Calculate r(9).
48
Let o(n) = 792*n + 15963. Calculate o(-22).
-1461
Let v(w) = -139*w**2 + 93053*w - 134267. Give v(668).
1
Let n(i) = 130*i**2 + 46*i - 95. What is n(3)?
1213
Let g(w) = -w**3 + 80*w**2 - 82*w - 1142. Calculate g(79).
-1379
Let y(s) = -13*s**3 + 427*s**2 + 45*s + 692. Determine y(33).
-1
Let i(l) = -29*l - 5322. Give i(-181).
-73
Let l(o) = 3*o**3 + 305*o**2 - 4302*o - 428401. Give l(-102).
-1
Let t(h) = 6*h**2 - 29152*h - 175144. Give t(-6).
-16
Let s(z) = 277*z + 4829. Calculate s(-30).
-3481
Let g(m) = 49*m**3 - 3608*m**2 - 1337*m + 371. Give g(74).
1
Let u(w) = -w**3 - 33*w**2 - 408*w + 2219. Give u(4).
-5
Let q(l) = -l**2 - 3164*l + 134655. Give q(42).
3
Let g(h) = 3276*h - 1369362. Give g(418).
6
Let a(i) = -47165*i - 235420. What is a(-5)?
405
Let d(w) = 1541*w + 181819. Calculate d(-118).
-19
Let f(a) = 2*a**3 - 75*a**2 + 186*a - 361. Calculate f(35).
24
Let w(l) = -2*l**2 + 7076*l - 600466. Calculate w(87).
8
Let c(z) = 122*z + 516. What is c(-1)?
394
Let s(k) = -19*k**3 - 7142*k**2 - 6374*k + 340. Calculate s(-375).
-35
Let p(r) = 4*r**2 + 7190*r + 191156. Give p(-27).
-58
Let t(v) = -418*v - 10581. Calculate t(-24).
-549
Let c(a) = 3*a**3 + 60*a**2 + 372*a + 1111. Give c(-13).
-176
Let l(d) = 5*d**2 + 3806*d - 26897. Calculate l(7).
-10
Let t(q) = 9*q**3 + 105*q**2 + 224*q + 1751. What is t(-11)?
13
Let n(x) = 4915*x + 137111. Give n(-28).
-509
Let t(g) = -90*g**2 + 735*g - 1404. Calculate t(5).
21
Let y(u) = -3142426*u + 6. Calculate y(0).
6
Let l(c) = -127878*c - 1534531. What is l(-12)?
5
Let g(w) = 18*w - 802. What is g(44)?
-10
Let l(f) = -20*f**2 - 6443*f - 20102. Calculate l(-319).
-5
Let b(y) = -2559*y - 3557. What is b(-2)?
1561
Let y(f) = -f**3 - 14*f**2 - 125*f - 622. What is y(-6)?
-160
Let t(k) = -k**2 + 1381*k - 143291. What is t(113)?
-7
Let p(d) = 9*d**2 + 923*d + 1422. Determine p(-101).
8
Let s(b) = -793*b**2 - 8712*b + 118. Determine s(-11).
-3
Let f(i) = -2*i**3 + 39*i**2 + 78*i - 270. Give f(21).
45
Let w(d) = -d**2 - 71*d - 762. Give w(-13).
-8
Let j(p) = p**2 + 291*p + 13411. Calculate j(-56).
251
Let m(d) = -d**2 + 22008*d - 1119838. Give m(51).
-31
Let i(k) = k**3 + 484*k**2 + 3344*k + 2473. Determine i(-477).
88
Let o(r) = 69*r**3 + 626*r**2 + 1870*r + 23. Determine o(-3).
-1816
Let w(f) = f**3 - 306*f**2 + 8303*f - 1154. What is w(30)?
-464
Let c(o) = -24125*o + 1326873. Give c(55).
-2
Let a(x) = -72*x - 12531. Calculate a(-171).
-219
Let r(h) = 230*h**2 + 5037*h - 472. Determine r(-22).
34
Let l(y) = 5003*y + 1981213. Calculate l(-396).
25
Let w(d) = d**3 - 45*d**2 + 1584*d - 75009. Determine w(46).
-29
Let t(x) = -625*x + 206859. Determine t(331).
-16
Let k(r) = 106*r**2 + 5756*r + 1793. Give k(-54).
65
Let f(a) = -a**2 - 422*a + 16627. Determine f(37).
-356
Let x(v) = -2440*v + 72244. Calculate x(30).
-956
Let n(w) = 2*w**3 - 13*w**2 + 38*w - 111. Calculate n(6).
81
Let d(k) = -330*k - 3300. What is d(-15)?
1650
Let v(o) = o**3 - 3*o**2 - 147*o + 1093. Determine v(9).
256
Let m(r) = r**2 - 83*r - 435. Determine m(87).
-87
Let m(o) = -5*o**3 - 27*o**2 + 139*o + 79. Determine m(5).
-526
Let t(g) = 832*g - 5974. Determine t(3).
-3478
Let s(a) = -5*a**2 - 351*a + 14136. What is s(29)?
-248
Let x(l) = -112*l - 7625. What is x(-69)?
103
Let t(c) = 2*c**3 - 60*c**2 - 13*c + 162. What is t(30)?
-228
Let r(g) = -1710*g - 181590. Give r(-106).
-330
Let b(d) = d**3 - 7490*d**2 - 202965*d - 164. Determine b(-27).
-2
Let q(p) = 5*p**2 + 74*p - 2310. Determine q(15).
-75
Let g(o) = 162*o - 15647. Determine g(102).
877
Let v(c) = 15*c**2 + 206*c + 308. Determine v(-11).
-143
Let s(x) = 10319*x + 51620. What is s(-5)?
25
Let p(q) = 21556*q - 689799. Determine p(32).
-7
Let w(n) = 405*n**2 + 4528*n - 4526. Determine w(1).
407
Let u(y) = -y**3 + 3*y**2 + 6142*y - 83884. Determine u(14).
-52
Let c(w) = 6081*w + 145757. Calculate c(-24).
-187
Let l(q) = -5*q**3 - 11*q**2 + 39*q + 37. What is l(-6)?
487
Let l(i) = 126188*i - 2649957. Determine l(21).
-9
Let a(s) = -1696*s + 10192. Determine a(6).
16
Let z(k) = -143*k + 198. Give z(4).
-374
Let k(c) = 74551*c - 298204. What is k(4)?
0
Let q(a) = -1070*a - 417330. Give q(-390).
-30
Let t(q) = 7*q**2 - 307*q - 70. What is t(46)?
620
Let k(w) = -4*w**3 - 22*w**2 - 487*w - 2380. Calculate k(-5).
5
Let r(q) = -3*q**2 + 1187*q - 8838. Give r(388).
86
Let y(x) = 36*x**3 + 2162*x**2 - 252*x - 22307. Determine y(-60).
13
Let o(d) = -1826*d - 10749. Give o(-6).
207
